rime factors of 2556/15 + 3/l.
3, 19
Suppose z - 18375 = 2*g, -2*z - g - 4975 = -41695. List the prime factors of z.
3, 6121
Suppose -19*f = -23*f + 1160. Suppose -f = -3*n + 208. Let x = 321 - n. What are the prime factors of x?
5, 31
Suppose 42*t + 86*t + 3200 = 0. Let f(w) = 3*w - 30. Let m(v) = 7*v - 59. Let d(o) = 5*f(o) - 3*m(o). List the prime factors of d(t).
3, 59
Suppose -5*s + h = 2*h - 2551, -h = 3*s - 1531. Suppose 5 = c, 3*b - s = -2*c - c. Suppose 20*d - b = 15*d. What are the prime factors of d?
3, 11
Suppose -47*c = 205*c - 3058524. List the prime factors of c.
53, 229
Let q(b) = -b**3 - b**2 - b. Suppose -260 + 0 = 13*h. Let g(t) = 6*t**3 + 4*t**2 + 4*t - 1. Let p(u) = h*q(u) - 4*g(u). List the prime factors of p(-3).
2, 17
What are the prime factors of 238/4522 - 2317/(-19)?
2, 61
Let c = 3176 - 1531. Suppose -19*a + c = -15*a - 3*h, -a + h + 411 = 0. List the prime factors of a.
2, 103
Suppose -2416 = -4*w - d, -2*d + d = 4. Let m = w + -244. What are the prime factors of m?
19
Let o(i) = i + 38. Suppose 3*z = 3*j + z - 3, -4*z + 5 = 5*j. Let p be (j/(-2))/(1/34). What are the prime factors of o(p)?
3, 7
Suppose -28*n - 104957 + 441713 = 0. List the prime factors of n.
3, 19, 211
Suppose 348*l + t - 15453 = 347*l, 3*l + 2*t = 46365. What are the prime factors of l?
3, 5153
Suppose -4234 = -3*o - 5*y, o - 34*y + 37*y = 1410. List the prime factors of o.
3, 157
Suppose -12*f - 39 - 33 = 0. What are the prime factors of (-3 - 14/f)*70*-3?
2, 5, 7
Suppose -96*b = -97*b - 3*i + 1351, b - 1381 = 3*i. List the prime factors of b.
2, 683
Let n be 18/(-3 + 9) - -13791. Suppose 29*w - 40*w = -n. List the prime factors of w.
2, 3, 11, 19
Suppose 680*w + 352124 = 727*w. List the prime factors of w.
2, 1873
Suppose 0 = -18*u - 198 + 1404. Suppose 64*m - u*m = -1905. What are the prime factors of m?
5, 127
Suppose -5*k = -4*o + 8, -4*k + 3*o + 2 = 4*o. Suppose k = 8*q - 3661 - 1387. What are the prime factors of q?
631
Let b = 1971 + 3012. What are the prime factors of b?
3, 11, 151
Let x = 11642 - 7266. Suppose 965*b = 957*b + x. What are the prime factors of b?
547
Let r(t) = -t**3 + 7*t**2 + 11*t - 13. Suppose -11*a + 172 = 62. Suppose 0*d = -d + 4*n + 26, -a = 2*n. List the prime factors of r(d).
89
What are the prime factors of ((-476502)/180 + 4/10)/((-5)/30)?
15881
Let a(n) = n**3 - n**2 + n + 7. Let g be a(-3). Let h = 71 + g. What are the prime factors of h?
3, 13
Suppose -15*p = -b - 10*p + 113, -2*b - 5*p = -286. Let q be (1 - 0) + (-2 - -112). Let f = q + b. What are the prime factors of f?
2, 61
Let v = 139 - 276. Let h = v - -91. Let m = h + 51. What are the prime factors of m?
5
Let l be (36/(-45))/((-12)/(-5170))*-3. Let r = -297 + l. What are the prime factors of r?
11, 67
Let z be -2 + (834 - (-16)/4). Suppose 3*o - 268 = z. Suppose b = o - 110. List the prime factors of b.
2, 3, 43
Suppose -4*z = -24, -4*d - 65*z = -68*z - 130982. List the prime factors of d.
2, 5, 131
Suppose 0 = 4*b - i - 660 - 668, -5*b + 3*i + 1653 = 0. Suppose 0 = f - 5*n - 331, -3*n - b = -4*f + 3*f. What are the prime factors of f?
2, 3, 7
List the prime factors of (-332)/(12/(-88)*(-68)/(-51)).
2, 11, 83
Suppose -242 = 5*j - 4*r - 5032, 2*r = -4*j + 3858. Let q = j - 550. What are the prime factors of q?
2, 103
Let t(p) = -3*p**2 + 12*p + 9. Suppose -4*g = q - 25, 2*g - 5 - 5 = 2*q. Let i be t(g). List the prime factors of i/(-63) + (-4401)/(-21).
2, 3, 5, 7
Suppose 3*j + 5*j = -j. Suppose j = -3*h - 3 - 12. What are the prime factors of (-235)/h + (1 + 0)*-2?
3, 5
Let n be (-5 - -1)*1 + -1. Let i(x) = -x**3 - x**2 - x + 4. Let l be i(n). Suppose -4*u + m = l - 573, -2*u = -m - 234. What are the prime factors of u?
5, 23
Suppose -3 = w - 9. Let t(n) = 3*n - 23. Let z(i) = -i. Let j(v) = -t(v) - 5*z(v). List the prime factors of j(w).
5, 7
Let j = 13559 - 5939. What are the prime factors of j?
2, 3, 5, 127
Let b = -317 - -328. Let r(z) = 96*z - 78. List the prime factors of r(b).
2, 3, 163
Let l(d) = d**3 + 12*d**2 + 6*d + 6. Suppose w + 30 = 6*w. Suppose -4*k + 2*g = 38, w*g = 2*k + 3*g + 13. List the prime factors of l(k).
61
List the prime factors of (-1 - -4) + 27714 + -15.
2, 3, 19
Let v = 2 - -4. Suppose v*t = 16*t - 40. Suppose -2*g + 385 = g - t*i, 5*g = 4*i + 655. What are the prime factors of g?
3, 5
Let k(h) = h**2 - h - 4. Let o be k(3). Suppose l + o*u = 5*l - 14, 3*u - 21 = -l. Suppose -9*i + l*i = -156. List the prime factors of i.
2, 13
Let l = 24 - 29. Let n(p) = -80*p + 6. Let x be n(l). List the prime factors of (-1 + 1*4)*x/21.
2, 29
Suppose 60*k = 104891 - 29229 + 133798. What are the prime factors of k?
3491
List the prime factors of ((-673648)/355)/((-14)/35).
2, 593
List the prime factors of 18216/30*(-5)/((-6)/27 + 0).
2, 3, 11, 23
Suppose -272 = 2*v + 2*j, j - 54 - 86 = v. Let g = 147 + v. List the prime factors of 426/g + (-11)/33.
47
Let o(d) = -6*d**3 - 2*d**2 - 13*d - 14. List the prime factors of o(-6).
2, 7, 23
Suppose 0 = -4*j + 58 - 66. List the prime factors of -8 - j - (-261 + 7).
2, 31
Suppose -21760 = -u + 54967. List the prime factors of u.
7, 97, 113
Let x(b) = -3*b**2 - 25*b - 18. Let t(k) = 17*k**2 + 126*k + 90. Let r(g) = -2*t(g) - 11*x(g). Let m be (4*1)/(6/27). What are the prime factors of r(m)?
2, 3
Let c(u) = -u**2 - 2*u + 10*u - 4 - 2*u. Let n be c(4). Suppose 53 = n*m + 21. What are the prime factors of m?
2
Suppose -304 = -4*x - 4*b + 26704, 4*b - 6767 = -x. List the prime factors of x.
3, 13, 173
Let x(m) = m**2 - 7*m - 8. Let h be x(6). Let y be h/35 + 54/10. Suppose -l - 5*b + 4*b + 1 = 0, y*l = b + 11. List the prime factors of l.
2
Let y(d) be the third derivative of 53*d**4/24 + 11*d**3/6 + 2*d**2 - 6. What are the prime factors of y(3)?
2, 5, 17
Let v = -8 + 322. Let i be (5 + -4)/(1/3). Suppose -g - 46 = -2*t + 156, i*t + 4*g = v. List the prime factors of t.
2, 3, 17
Suppose 0 = -3*m - 0*m + 36. What are the prime factors of (424/m)/((-1)/(-6))?
2, 53
Let m(k) be the first derivative of k**3/3 + 8*k + 6. Let a be m(0). List the prime factors of a/3*(-300)/(-16).
2, 5
Suppose 30*z = 33*z + 42. Let c(u) = 3*u - 17 + u - 6*u. List the prime factors of c(z).
11
Let c = 46 - 44. Suppose -4*i - 23 = -f, -c*i = f - 3*f + 28. Suppose 7*x - f*x = -124. What are the prime factors of x?
31
Let l(p) = 985*p + 1967. What are the prime factors of l(19)?
2, 3, 383
Let i(z) = 57*z**2 - 8*z - 74. What are the prime factors of i(-6)?
2, 1013
Let a = -26 - -32. Suppose 8*c - 3*c = -20, c = 2*b + a. Let m(f) = -f**3 + 5*f**2 + 3. What are the prime factors of m(b)?
11, 23
Let y = -188 - -195. Let k(a) = 66*a + 354. What are the prime factors of k(y)?
2, 3, 17
Let j(c) be the third derivative of c**6/240 + c**5/40 - 5*c**4/8 + 15*c**2. Let w(x) be the second derivative of j(x). List the prime factors of w(3).
2, 3
Let z be 2/5 - 4*294/(-60). Suppose z*r - 208 = 16*r. List the prime factors of r.
2, 13
Suppose 880 = 6*j + 592. What are the prime factors of (-3)/4 + 100932/j + -10?
2, 523
Let z(s) = 18*s**2 + 3*s - 1. Let o be z(2). Let x(b) = -b**2 - 13*b - 26. Let j be x(14). List the prime factors of 22/o - j/7.
2, 29
What are the prime factors of (6/8)/(1323/35724528)?
2, 61, 83
Let z(n) = -10*n**2 - 54*n + 112. Let k be z(2). Suppose -5*o - 564 = 5*j - 2*j, -2*o + 2*j = 232. Let y = k - o. What are the prime factors of y?
2, 3, 13
Let p(t) = 448*t**2 + 72*t + 333. What are the prime factors of p(-5)?
11173
List the prime factors of 134/(-4)*-82*6*(-8)/(-16).
3, 41, 67
Let y(t) = 2*t**2 - 4*t - 4. Let v be y(6). Let z be 2/(4/82) - (16 - 15). Let w = v - z. List the prime factors of w.
2
Let u(v) be the third derivative of v**5/20 + v**4/24 - 19*v**3/3 - 5*v**2 - v. List the prime factors of u(-6).
2
Let r(d) = 3*d - 9. Let x be r(9). Let l = x + -14. What are the prime factors of 1 + 4/l + 7?
3
Suppose -71 = 3*c - 1247. Let z = c - 268. Let v = z + -46. List the prime factors of v.
2, 3, 13
Let n(h) = -7*h**3 + 3*h**2 + 7*h + 3. Let z be n(-1). What are the prime factors of 460 + (-1 + -4)*(z + -5)?
5, 7, 13
Let r(t) = -t**2 + 19*t - 65. Let p be r(14). Suppose -5*q + 2480 = 32*j - 37*j, -2486 = -p*q + 3*j. What are the prime factors of q?
499
Suppose -10*a + 191973 = 79*a. List the prime factors of